 and r.
2
Let p be 4/((-48)/10) - 691795/(-390). What is the highest common divisor of p and 27?
9
Suppose -3*m - 4*w - 96 + 400 = 0, w - 501 = -5*m. What is the greatest common factor of 425 and m?
25
Let d(k) = -26*k - k**2 - 279 + 613 - 264 - 20*k. Let z be d(-46). What is the highest common factor of 14 and z?
14
Let l(y) = -6*y - 27. Let i be l(0). Let k = 62 + i. Let b = k - 28. Calculate the greatest common divisor of 63 and b.
7
Suppose 25 = 4*o - 7. Let i(b) = 2 - 37*b**2 - 35*b**2 - 33*b**2 - 5*b + 106*b**2. Let l be i(7). Calculate the greatest common factor of l and o.
8
Let j(u) = u**3 - 21*u**2 + 51*u - 1221. Let v be j(22). Calculate the greatest common divisor of v and 189.
7
Let t be ((-51)/9 + 38 + -32)/(3/64116). Calculate the highest common divisor of t and 104.
52
Suppose 20*b - 98 + 18 = 0. Suppose 0 = -z - 4*m + 62, 3*z + m - b*m = 141. What is the greatest common factor of 4 and z?
2
Let a = 9655 + -9467. Let w be 8/(-32) + 1130/8. Calculate the greatest common factor of w and a.
47
Let q = 8179 + -8007. Calculate the greatest common divisor of q and 129.
43
Suppose 0 = 15*n - 14*n - 583. Let k = 618 - n. What is the highest common divisor of 49 and k?
7
Let s(b) = -5 + 6 + 0 - b**2 - 4*b**3. Let m be 7 + -5 - (1 - 4/(-2)). Let z be s(m). What is the highest common factor of 10 and z?
2
Suppose 0 = 6*v + 7 - 25. Suppose -2*z + 4*b = -419 + 59, -v*b = -5*z + 886. What is the greatest common divisor of z and 32?
16
Suppose 8 = 4*b - 2*c, b - 16 = -4*b + c. Suppose 2*l = b*u - 3*u - 8, -l - 10 = -u. Suppose u*o = 4*o + 32. Calculate the highest common divisor of o and 32.
4
Suppose -5*d - 349 = 5*c - 1104, -5*c + 5 = 0. Calculate the highest common factor of 180 and d.
30
Let c be (-2 + -3)*6/(-5). Suppose c - 21 = -5*i. Suppose -i*t + 435 = l, 3*t + 19 = -5*l + 454. What is the greatest common factor of 58 and t?
29
Let x = -54 + 40. Let y = x - -7. Let w(d) = -d**2 - 6*d + 22. Let v be w(y). What is the greatest common divisor of 3 and v?
3
Let r(d) = d**2 - d + 511. Let h be r(0). Let g be 18*4 + -16 + 17. What is the greatest common factor of g and h?
73
Suppose -768 = -4*a + 16*a. Let l be (-1)/(-2) + (-160)/a. Let t = 82 + l. Calculate the highest common divisor of 5 and t.
5
Let u be (-860)/(-1)*(-5 + (-135)/(-25)). Calculate the highest common factor of 80 and u.
8
Let m be (650/20 + 8)*4/6. Suppose -5*u - t + 391 - m = 0, 4*t + 272 = 4*u. Calculate the highest common factor of 36 and u.
36
Suppose 0 = 40*y - 36*y. Suppose -3*c + 61 + 35 = y. What is the greatest common divisor of c and 112?
16
Let h(a) = -5*a - 23. Let b be h(-6). Suppose -12*s + b*s = -550. Calculate the highest common factor of s and 10.
10
Let k(w) = 289*w + 1497. Let z be k(-5). What is the highest common divisor of 689 and z?
13
Let v = -2399 - -2410. Calculate the highest common divisor of 2981 and v.
11
Let y be 12 + -1 + (-1 - 6). Suppose v = 5*k - 268, -4*k - v + y*v = -221. Calculate the greatest common factor of 265 and k.
53
Let x(z) = -z**3 + 2*z**2 + 4*z - 5. Let g be x(2). Suppose 2*k = 39 - 36 + 189. What is the greatest common factor of g and k?
3
Suppose 0 = -26*b + 30*b - 16, b + 9078 = 2*j. Calculate the greatest common factor of 19 and j.
19
Suppose 15 = v + 2*u, 18*v - 16*v - 5*u = -15. Suppose 3*x - 10 = 5*y, 6*y + 16 = 2*x + v*y. What is the highest common divisor of x and 4?
2
Let q(r) = -13*r - 159. Let y be q(-19). Let z = 1460 + 212. What is the highest common factor of z and y?
88
Let k(d) = 170*d**2 - d. Let r be k(1). What is the highest common divisor of r and 26?
13
Let n = -12 - -6. Let y(b) = b**2 + 3*b - 8. Let g be y(n). Let h be (g - 1)*-2*34/(-51). Calculate the highest common divisor of 108 and h.
12
Let v = 281 - 319. Let t be 8/3*(-1653)/v. What is the highest common divisor of 8 and t?
4
Let v(f) = 4*f + 115. Let j be v(-19). Suppose 5*n - 4*k - 31 = -5*k, 5*n - j = k. What is the greatest common factor of 161 and n?
7
Suppose 4*q + 2*c - 528 = 152, q - 181 = 5*c. What is the greatest common factor of 27 and q?
9
Let s(y) = -y**2 + 73*y - 515. Let c be s(58). Calculate the highest common factor of 5 and c.
5
Let s be -116*((-65)/(-52) + -6). What is the highest common factor of 114 and s?
19
Let m = -190 + 365. Let a = -171 + m. What is the greatest common factor of a and 12?
4
Suppose 0 = -84*s - 5388 + 17232. Let v(a) = a**2 + 3*a - 7. Let f be v(6). Calculate the greatest common divisor of f and s.
47
Let l = -284 - -303. Suppose 5*p = s - 106, 2*p = l*s - 16*s - 292. Let r be 2/(5/(-6) - -1). Calculate the highest common divisor of r and s.
12
Let u be 2 + 1 + (-4827)/(-18) - 345/2070. What is the highest common factor of u and 14363?
271
Suppose 615 = 2*z + 65. Calculate the highest common factor of 100 and z.
25
Suppose 4047 = 3*o + 1203. What is the greatest common divisor of o and 12?
12
Let j = 46136 + -46001. What is the highest common divisor of j and 18540?
45
Let o(s) = -s**3 + 20*s**2 + 21*s + 27. Let v be o(21). Let r = 88 - -22. Let k = r - 101. What is the highest common divisor of k and v?
9
Let u be 1/((-4)/(-10)) - 4*(-11110)/176. What is the highest common divisor of u and 1836?
51
Let j(x) = x**3 + 16*x**2 + 3*x + 40. Let u be j(-14). What is the greatest common divisor of 1014 and u?
78
Let m be 8/7*(-13 + 20). Let y be 1/((-4)/(-20)) + m/2. Calculate the greatest common divisor of 288 and y.
9
Suppose 199*g - 162*g - 518 = 0. Suppose -7*o = -2*o - 5, 0 = -4*y + 4*o + 1396. Calculate the highest common divisor of g and y.
14
Suppose -14819 = -31*x + 8586. Suppose -4*v - 73 = -4*k + 667, v + x = 4*k. Calculate the highest common factor of 95 and k.
95
Let g be ((-24)/9)/(0 + (-2)/(-12)). Let a be (g - 0)*(-10 - -2). Suppose a = -5*d + 9*d. Calculate the highest common factor of d and 48.
16
Let k = -329 - -1738. Suppose k + 544 = 7*t. Calculate the highest common factor of 31 and t.
31
Let g = 13583 - 8283. Calculate the highest common factor of g and 636.
212
Let o = 204 - 95. Suppose 0 = -y - 5*j + o, -2*y + 4*j = 112 - 316. Suppose -5*h + y = -h. What is the greatest common divisor of h and 130?
26
Suppose 5*j = i + 101, 2*j + 48*i - 46*i - 38 = 0. Suppose 0 = 2*u - 3*c - 31, u + 2*u - 14 = -2*c. What is the greatest common divisor of j and u?
4
Let g(a) = a**3 + 19*a**2 - 23*a + 24. Let t be g(-20). Calculate the greatest common factor of t and 812.
28
Suppose j + 2*y = -0*y + 22, 3*y = 5*j - 71. Suppose 42*q - 1760 = 20*q + 12*q. What is the highest common factor of q and j?
16
Suppose -3*g = -5*g - 140. Let q be 1/((-1)/g) - 0. Let c = -88223 + 88237. What is the greatest common divisor of q and c?
14
Let c = -1148 - -1168. Calculate the greatest common divisor of c and 14200.
20
Let i be ((-220)/10)/(-22)*(20 - -1). Calculate the greatest common factor of i and 39.
3
Suppose 3*h - 37*h = 36*h. Let k be (-1)/(2/(-8)) - -1. Suppose 3*l - 435 = -k*v, -l + h*l = 3*v - 145. What is the highest common factor of 29 and l?
29
Let j(l) = -524*l**3 + l - 2. Suppose 0 = -2*m - c + 6, -2*c = 5*m - 6*c + 11. Let i be j(m). Let r = i + 1119. What is the highest common divisor of r and 54?
54
Let z = -352 - -399. Suppose -17*k = z - 353. What is the greatest common divisor of 117 and k?
9
Let t(z) = 58*z**2 + z. Let n be t(1). Let c = -2 + -43. Let f = c + n. Calculate the greatest common divisor of 21 and f.
7
Let a = -51 - -123. Let i be (-1920)/(-200) - (-8)/(-5). What is the highest common factor of a and i?
8
Let u(b) be the first derivative of 13*b**2/2 - 75*b - 75. Let s be u(8). What is the greatest common divisor of 29 and s?
29
Let d = 92 + -128. Let s = -28 - d. Suppose -s*n + 130 = 10. What is the highest common factor of n and 6?
3
Let y be 330/(-10)*(-5)/3. Calculate the highest common factor of 99 and y.
11
Suppose 2*m = 91 + 53. Let l be 10/3*54/45. Suppose 2*y + 19 = 2*f + f, 28 = l*f - 2*y. Calculate the highest common factor of f and m.
9
Suppose -42*w - 46552 = -60748. What is the highest common divisor of 22 and w?
2
Let l(t) = 0*t + t + 263 - 92. Let f be l(0). What is the greatest common factor of f and 19?
19
Suppose -6*y = -120*y + 293436. Calculate the greatest common divisor of 891 and y.
99
Let d = 380 - 364. What is the highest common divisor of d and 256?
1